{"id":4,"date":"2024-04-29T22:05:35","date_gmt":"2024-04-29T22:05:35","guid":{"rendered":"https:\/\/likeabosch.bosch-home.si\/indukcijske-kuhalne-plosce\/?page_id=4"},"modified":"2024-05-13T11:03:13","modified_gmt":"2024-05-13T11:03:13","slug":"indukcijske-kuhalne-plosce-z-integrirano-napo-kuhaj-likeabosch","status":"publish","type":"page","link":"https:\/\/likeabosch.bosch-home.si\/kuhalne-plosce-z-integrirano-napo\/","title":{"rendered":"Indukcijske kuhalne plo\u0161\u010de z integrirano napo &#8211; Kuhaj #LikeABosch"},"content":{"rendered":"","protected":false},"excerpt":{"rendered":"","protected":false},"author":1,"featured_media":0,"parent":0,"menu_order":0,"comment_status":"closed","ping_status":"closed","template":"page-landing.php","meta":{"footnotes":""},"class_list":["post-4","page","type-page","status-publish"],"acf":[],"yoast_head":"<!-- This site is optimized with the Yoast SEO plugin v17.0 - https:\/\/yoast.com\/wordpress\/plugins\/seo\/ -->\n<title>Indukcijske kuhalne plo\u0161\u010de z integrirano napo - Kuhaj #LikeABosch - Indukcijske kuhalne plo\u0161\u010de z integrirano napo<\/title>\n<meta name=\"robots\" content=\"index, follow, max-snippet:-1, max-image-preview:large, max-video-preview:-1\" \/>\n<link rel=\"canonical\" href=\"https:\/\/likeabosch.bosch-home.si\/kuhalne-plosce-z-integrirano-napo\/\" \/>\n<meta property=\"og:locale\" content=\"en_US\" \/>\n<meta property=\"og:type\" content=\"article\" \/>\n<meta property=\"og:title\" content=\"Indukcijske kuhalne plo\u0161\u010de z integrirano napo - Kuhaj #LikeABosch - Indukcijske kuhalne plo\u0161\u010de z integrirano napo\" \/>\n<meta property=\"og:url\" content=\"https:\/\/likeabosch.bosch-home.si\/kuhalne-plosce-z-integrirano-napo\/\" \/>\n<meta property=\"og:site_name\" content=\"Indukcijske kuhalne plo\u0161\u010de z integrirano napo\" \/>\n<meta property=\"article:modified_time\" content=\"2024-05-13T11:03:13+00:00\" \/>\n<meta name=\"twitter:card\" content=\"summary_large_image\" \/>\n<script type=\"application\/ld+json\" class=\"yoast-schema-graph\">{\"@context\":\"https:\/\/schema.org\",\"@graph\":[{\"@type\":\"WebSite\",\"@id\":\"https:\/\/likeabosch.bosch-home.si\/indukcijske-kuhalne-plosce\/#website\",\"url\":\"https:\/\/likeabosch.bosch-home.si\/indukcijske-kuhalne-plosce\/\",\"name\":\"Indukcijske kuhalne plo\\u0161\\u010de z integrirano napo\",\"description\":\"Just another Live like a Bosch site\",\"potentialAction\":[{\"@type\":\"SearchAction\",\"target\":{\"@type\":\"EntryPoint\",\"urlTemplate\":\"https:\/\/likeabosch.bosch-home.si\/indukcijske-kuhalne-plosce\/?s={search_term_string}\"},\"query-input\":\"required name=search_term_string\"}],\"inLanguage\":\"en-US\"},{\"@type\":\"WebPage\",\"@id\":\"https:\/\/likeabosch.bosch-home.si\/kuhalne-plosce-z-integrirano-napo\/#webpage\",\"url\":\"https:\/\/likeabosch.bosch-home.si\/kuhalne-plosce-z-integrirano-napo\/\",\"name\":\"Indukcijske kuhalne plo\\u0161\\u010de z integrirano napo - Kuhaj #LikeABosch - Indukcijske kuhalne plo\\u0161\\u010de z integrirano napo\",\"isPartOf\":{\"@id\":\"https:\/\/likeabosch.bosch-home.si\/indukcijske-kuhalne-plosce\/#website\"},\"datePublished\":\"2024-04-29T22:05:35+00:00\",\"dateModified\":\"2024-05-13T11:03:13+00:00\",\"breadcrumb\":{\"@id\":\"https:\/\/likeabosch.bosch-home.si\/kuhalne-plosce-z-integrirano-napo\/#breadcrumb\"},\"inLanguage\":\"en-US\",\"potentialAction\":[{\"@type\":\"ReadAction\",\"target\":[\"https:\/\/likeabosch.bosch-home.si\/kuhalne-plosce-z-integrirano-napo\/\"]}]},{\"@type\":\"BreadcrumbList\",\"@id\":\"https:\/\/likeabosch.bosch-home.si\/kuhalne-plosce-z-integrirano-napo\/#breadcrumb\",\"itemListElement\":[{\"@type\":\"ListItem\",\"position\":1,\"name\":\"Home\",\"item\":\"https:\/\/likeabosch.bosch-home.si\/kuhalne-plosce-z-integrirano-napo\/\"},{\"@type\":\"ListItem\",\"position\":2,\"name\":\"Indukcijske kuhalne plo\\u0161\\u010de z integrirano napo &#8211; Kuhaj #LikeABosch\"}]}]}<\/script>\n<!-- \/ Yoast SEO plugin. -->","yoast_head_json":{"title":"Indukcijske kuhalne plo\u0161\u010de z integrirano napo - Kuhaj #LikeABosch - Indukcijske kuhalne plo\u0161\u010de z integrirano napo","robots":{"index":"index","follow":"follow","max-snippet":"max-snippet:-1","max-image-preview":"max-image-preview:large","max-video-preview":"max-video-preview:-1"},"canonical":"https:\/\/likeabosch.bosch-home.si\/kuhalne-plosce-z-integrirano-napo\/","og_locale":"en_US","og_type":"article","og_title":"Indukcijske kuhalne plo\u0161\u010de z integrirano napo - Kuhaj #LikeABosch - Indukcijske kuhalne plo\u0161\u010de z integrirano napo","og_url":"https:\/\/likeabosch.bosch-home.si\/kuhalne-plosce-z-integrirano-napo\/","og_site_name":"Indukcijske kuhalne plo\u0161\u010de z integrirano napo","article_modified_time":"2024-05-13T11:03:13+00:00","twitter_card":"summary_large_image","schema":{"@context":"https:\/\/schema.org","@graph":[{"@type":"WebSite","@id":"https:\/\/likeabosch.bosch-home.si\/indukcijske-kuhalne-plosce\/#website","url":"https:\/\/likeabosch.bosch-home.si\/indukcijske-kuhalne-plosce\/","name":"Indukcijske kuhalne plo\u0161\u010de z integrirano napo","description":"Just another Live like a Bosch site","potentialAction":[{"@type":"SearchAction","target":{"@type":"EntryPoint","urlTemplate":"https:\/\/likeabosch.bosch-home.si\/indukcijske-kuhalne-plosce\/?s={search_term_string}"},"query-input":"required name=search_term_string"}],"inLanguage":"en-US"},{"@type":"WebPage","@id":"https:\/\/likeabosch.bosch-home.si\/kuhalne-plosce-z-integrirano-napo\/#webpage","url":"https:\/\/likeabosch.bosch-home.si\/kuhalne-plosce-z-integrirano-napo\/","name":"Indukcijske kuhalne plo\u0161\u010de z integrirano napo - Kuhaj #LikeABosch - Indukcijske kuhalne plo\u0161\u010de z integrirano napo","isPartOf":{"@id":"https:\/\/likeabosch.bosch-home.si\/indukcijske-kuhalne-plosce\/#website"},"datePublished":"2024-04-29T22:05:35+00:00","dateModified":"2024-05-13T11:03:13+00:00","breadcrumb":{"@id":"https:\/\/likeabosch.bosch-home.si\/kuhalne-plosce-z-integrirano-napo\/#breadcrumb"},"inLanguage":"en-US","potentialAction":[{"@type":"ReadAction","target":["https:\/\/likeabosch.bosch-home.si\/kuhalne-plosce-z-integrirano-napo\/"]}]},{"@type":"BreadcrumbList","@id":"https:\/\/likeabosch.bosch-home.si\/kuhalne-plosce-z-integrirano-napo\/#breadcrumb","itemListElement":[{"@type":"ListItem","position":1,"name":"Home","item":"https:\/\/likeabosch.bosch-home.si\/kuhalne-plosce-z-integrirano-napo\/"},{"@type":"ListItem","position":2,"name":"Indukcijske kuhalne plo\u0161\u010de z integrirano napo &#8211; Kuhaj #LikeABosch"}]}]}},"_links":{"self":[{"href":"https:\/\/likeabosch.bosch-home.si\/kuhalne-plosce-z-integrirano-napo\/wp-json\/wp\/v2\/pages\/4","targetHints":{"allow":["GET"]}}],"collection":[{"href":"https:\/\/likeabosch.bosch-home.si\/kuhalne-plosce-z-integrirano-napo\/wp-json\/wp\/v2\/pages"}],"about":[{"href":"https:\/\/likeabosch.bosch-home.si\/kuhalne-plosce-z-integrirano-napo\/wp-json\/wp\/v2\/types\/page"}],"author":[{"embeddable":true,"href":"https:\/\/likeabosch.bosch-home.si\/kuhalne-plosce-z-integrirano-napo\/wp-json\/wp\/v2\/users\/1"}],"replies":[{"embeddable":true,"href":"https:\/\/likeabosch.bosch-home.si\/kuhalne-plosce-z-integrirano-napo\/wp-json\/wp\/v2\/comments?post=4"}],"version-history":[{"count":33,"href":"https:\/\/likeabosch.bosch-home.si\/kuhalne-plosce-z-integrirano-napo\/wp-json\/wp\/v2\/pages\/4\/revisions"}],"predecessor-version":[{"id":286,"href":"https:\/\/likeabosch.bosch-home.si\/kuhalne-plosce-z-integrirano-napo\/wp-json\/wp\/v2\/pages\/4\/revisions\/286"}],"wp:attachment":[{"href":"https:\/\/likeabosch.bosch-home.si\/kuhalne-plosce-z-integrirano-napo\/wp-json\/wp\/v2\/media?parent=4"}],"curies":[{"name":"wp","href":"https:\/\/api.w.org\/{rel}","templated":true}]}}